at is the greatest common divisor of 35 and 133?
7
What is the greatest common factor of 1204 and 516?
172
Calculate the greatest common factor of 690 and 4380.
30
Calculate the highest common divisor of 30 and 3665.
5
What is the greatest common factor of 70 and 1295?
35
Calculate the greatest common divisor of 33 and 33.
33
What is the highest common divisor of 504 and 3150?
126
What is the highest common divisor of 350 and 8050?
350
Calculate the greatest common divisor of 143 and 11.
11
What is the greatest common factor of 6 and 5?
1
What is the greatest common divisor of 1763 and 86?
43
What is the greatest common divisor of 112 and 14?
14
Calculate the greatest common divisor of 47 and 329.
47
What is the greatest common factor of 558 and 18?
18
What is the highest common divisor of 93 and 3?
3
Calculate the greatest common divisor of 1544 and 24.
8
Calculate the highest common divisor of 1647 and 122.
61
What is the highest common divisor of 26 and 117?
13
Calculate the highest common divisor of 3406 and 6550.
262
Calculate the highest common divisor of 630 and 84.
42
Calculate the highest common divisor of 28 and 868.
28
Calculate the highest common factor of 805 and 10.
5
Calculate the greatest common factor of 24 and 492.
12
Calculate the greatest common factor of 6550 and 175.
25
What is the greatest common divisor of 42 and 14511?
21
Calculate the highest common factor of 955 and 205.
5
What is the greatest common factor of 132 and 506?
22
What is the highest common factor of 52 and 12?
4
Calculate the highest common factor of 63 and 231.
21
Calculate the greatest common factor of 11564 and 118.
118
What is the highest common divisor of 2922 and 18?
6
What is the highest common factor of 86 and 22?
2
Calculate the highest common factor of 732 and 12.
12
What is the highest common divisor of 9023 and 21?
7
What is the highest common divisor of 25 and 75?
25
Calculate the greatest common divisor of 402 and 6.
6
Calculate the highest common divisor of 257 and 1.
1
What is the greatest common factor of 8874 and 306?
306
What is the highest common factor of 11 and 13?
1
What is the highest common factor of 11160 and 155?
155
Calculate the greatest common factor of 637 and 728.
91
Calculate the highest common divisor of 7 and 189.
7
Calculate the highest common factor of 171 and 9.
9
What is the highest common divisor of 976 and 80?
16
What is the highest common factor of 4977 and 63?
63
What is the highest common factor of 190 and 170?
10
Calculate the highest common factor of 1450 and 100.
50
What is the highest common factor of 176 and 99?
11
What is the highest common factor of 4560 and 120?
120
Calculate the greatest common divisor of 84 and 294.
42
Calculate the greatest common factor of 168 and 1197.
21
Calculate the greatest common factor of 12 and 5172.
12
What is the greatest common factor of 58 and 11571?
29
What is the highest common divisor of 255 and 663?
51
What is the highest common divisor of 1 and 2345?
1
What is the highest common divisor of 8229 and 52?
13
Calculate the greatest common divisor of 11 and 22561.
11
What is the highest common factor of 27 and 27?
27
What is the greatest common factor of 208 and 1326?
26
Calculate the greatest common factor of 3565 and 93.
31
Calculate the greatest common factor of 154 and 56.
14
What is the highest common factor of 117 and 243?
9
Calculate the greatest common divisor of 975 and 78.
39
Calculate the greatest common factor of 113 and 904.
113
Calculate the greatest common factor of 23 and 1679.
23
Calculate the highest common factor of 13892 and 92.
92
What is the greatest common divisor of 11 and 11?
11
What is the greatest common divisor of 292 and 803?
73
Calculate the greatest common divisor of 7942 and 198.
22
What is the highest common divisor of 1703 and 262?
131
What is the greatest common divisor of 16 and 228?
4
Calculate the highest common factor of 157 and 2983.
157
What is the greatest common divisor of 12 and 220?
4
Calculate the highest common divisor of 47 and 1457.
47
Calculate the highest common factor of 423 and 2397.
141
What is the highest common factor of 1160 and 20?
20
Calculate the highest common divisor of 4 and 1272.
4
What is the greatest common divisor of 40 and 632?
8
Calculate the highest common factor of 4939 and 33.
11
Calculate the highest common divisor of 14 and 175.
7
What is the greatest common divisor of 24 and 228?
12
What is the greatest common factor of 11 and 1925?
11
Calculate the greatest common divisor of 20 and 620.
20
What is the highest common factor of 5 and 2995?
5
What is the highest common divisor of 1179 and 27?
9
Calculate the greatest common factor of 3836 and 84.
28
What is the highest common divisor of 594 and 495?
99
What is the highest common divisor of 175 and 14?
7
What is the greatest common factor of 5920 and 2560?
160
Calculate the highest common divisor of 32 and 128.
32
What is the highest common factor of 1 and 131?
1
Calculate the highest common divisor of 319 and 9947.
29
What is the highest common factor of 1535 and 2456?
307
What is the greatest common divisor of 22 and 5071?
11
What is the greatest common divisor of 1440 and 60?
60
Calculate the highest common divisor of 1073 and 29.
29
What is the greatest common divisor of 11581 and 74?
37
Calculate the greatest common factor of 120 and 264.
24
What is the highest common divisor of 276 and 876?
12
Calculate the highest common factor of 26 and 7046.
26
Calculate the highest common factor of 1856 and 145.
29
What is the greatest common factor of 115 and 575?
115
Calculate the greatest common factor of 180 and 1224.
36
What is the greatest common divisor of 6019 and 156?
13
What is the highest common factor of 423 and 117?
9
Calculate the greatest common divisor of 24 and 528.
24
Calculate the greatest common factor of 96 and 40.
8
What is the greatest common divisor of 528 and 48?
48
Calculate the greatest common divisor of 117 and 639.
9
What is the greatest common divisor of 36 and 972?
36
What is the highest common factor of 12 and 132?
12
What is the greatest common factor of 1060 and 20?
20
What is the greatest common divisor of 75 and 250?
25
Calculate the greatest common factor of 680 and 120.
40
Calculate the greatest common divisor of 192 and 128.
64
What is the greatest common divisor of 22 and 902?
22
What is the highest common factor of 108 and 84?
12
Calculate the highest common factor of 1682 and 58.
58
Calculate the greatest common factor of 252 and 1554.
42
What is the greatest common factor of 304 and 32?
16
What is the greatest common divisor of 2241 and 297?
27
Calculate the greatest common factor of 155 and 93.
31
Calculate the greatest common divisor of 57 and 2812.
19
What is the greatest common factor of 285 and 495?
15
Calculate the greatest common divisor of 1134 and 210.
42
Calculate the greatest common factor of 574 and 14.
14
What is the highest common factor of 476 and 28?
28
What is the highest common factor of 1610 and 207?
23
Calculate the highest common divisor of 130 and 8554.
26
Calculate the greatest common factor of 1255 and 5.
5
What is the highest common factor of 9 and 24147?
9
Calculate the greatest common divisor of 21 and 56.
7
Calculate the greatest common divisor of 22 and 374.
22
Calculate the highest common factor of 384 and 6.
6
Calculate the highest common factor of 798 and 228.
114
Calculate the highest common factor of 104 and 40.
8
What is the highest common factor of 76 and 1729?
19
Calculate the greatest common divisor of 3401 and 38.
19
Calculate the highest common divisor of 52 and 793.
13
What is the greatest common factor of 536 and 1352?
8
Calculate the greatest common factor of 703 and 19.
19
What is the greatest common factor of 104 and 1404?
52
Calculate the greatest common divisor of 1040 and 400.
80
Calculate the greatest common divisor of 81 and 1053.
81
What is the highest common factor of 1410 and 1974?
282
What is the highest common divisor of 114 and 3954?
6
What is the greatest common factor of 2376 and 88?
88
What is the greatest common factor of 24234 and 7?
7
Calculate the highest common divisor of 5264 and 336.
112
What is the highest common divisor of 188 and 3102?
94
Cal